{"id":1088,"date":"2020-04-08T07:41:52","date_gmt":"2020-04-08T07:41:52","guid":{"rendered":"https:\/\/www.ideacasajesolo.it\/appartamenti\/casa-roberto\/"},"modified":"2020-04-08T18:59:31","modified_gmt":"2020-04-08T18:59:31","slug":"casa-roberto","status":"publish","type":"appartamenti","link":"https:\/\/www.ideacasajesolo.it\/de\/appartamenti\/casa-roberto\/","title":{"rendered":"Casa Roberto"},"content":{"rendered":"<p>L\u2019appartamento si trova al piano rialzato di un edificio collocato al IX accesso al mare di via A. Bafile, in una delle zone pi\u00f9 centrali e tranquille di Jesolo, a meno di 30 metri dal mare.<br \/>\nSi sviluppa su una superficie di 65 metri quadri, \u00e8 composto da ampio soggiorno con angolo cottura, tre camere, doppi servizi con box doccia e pu\u00f2 ospitare fino a otto persone. La prima camera \u00e8 dotata di letto matrimoniale, la seconda e la terza camera sono entrambe fornite di letto matrimoniale e letto singolo. In soggiorno, inoltre, \u00e8 sistemato un confortevole divano letto.<\/p>\n<p>L\u2019appartamento \u00e8 stato recentemente ristrutturato ed \u00e8 arredato in stile moderno e ricercato. E\u2019 dotato di diversi comfort, quali aria condizionata, tv, forno, forno a microonde, lavastoviglie e lavatrice. Nel prezzo di affitto \u00e8 incluso l\u2019utilizzo di un posto auto riservato e di un posto spiaggia per l\u2019intera durata del soggiorno.\u00a0E\u2019 una soluzione perfetta per coppie, piccoli gruppi e famiglie numerose, interessati a soggiornare in una zona centrale, a due passi dal mare, in un appartamento che coniughi modernit\u00e0 e cura per i dettagli.<\/p>\n","protected":false},"featured_media":720,"template":"","categories":[62],"postiletto":[59],"acf":[],"_links":{"self":[{"href":"https:\/\/www.ideacasajesolo.it\/de\/wp-json\/wp\/v2\/appartamenti\/1088"}],"collection":[{"href":"https:\/\/www.ideacasajesolo.it\/de\/wp-json\/wp\/v2\/appartamenti"}],"about":[{"href":"https:\/\/www.ideacasajesolo.it\/de\/wp-json\/wp\/v2\/types\/appartamenti"}],"version-history":[{"count":1,"href":"https:\/\/www.ideacasajesolo.it\/de\/wp-json\/wp\/v2\/appartamenti\/1088\/revisions"}],"predecessor-version":[{"id":1089,"href":"https:\/\/www.ideacasajesolo.it\/de\/wp-json\/wp\/v2\/appartamenti\/1088\/revisions\/1089"}],"wp:featuredmedia":[{"embeddable":true,"href":"https:\/\/www.ideacasajesolo.it\/de\/wp-json\/wp\/v2\/media\/720"}],"wp:attachment":[{"href":"https:\/\/www.ideacasajesolo.it\/de\/wp-json\/wp\/v2\/media?parent=1088"}],"wp:term":[{"taxonomy":"category","embeddable":true,"href":"https:\/\/www.ideacasajesolo.it\/de\/wp-json\/wp\/v2\/categories?post=1088"},{"taxonomy":"postiletto","embeddable":true,"href":"https:\/\/www.ideacasajesolo.it\/de\/wp-json\/wp\/v2\/postiletto?post=1088"}],"curies":[{"name":"wp","href":"https:\/\/api.w.org\/{rel}","templated":true}]}}

<p>L’appartamento si trova al piano rialzato di un edificio collocato al IX accesso al mare di via A. Bafile, in una delle zone più centrali e tranquille di Jesolo, a meno di 30 metri dal mare.<br />
Si sviluppa su una superficie di 65 metri quadri, è composto da ampio soggiorno con angolo cottura, tre camere, doppi servizi con box doccia e può ospitare fino a otto persone. La prima camera è dotata di letto matrimoniale, la seconda e la terza camera sono entrambe fornite di letto matrimoniale e letto singolo. In soggiorno, inoltre, è sistemato un confortevole divano letto.</p>
<p>L’appartamento è stato recentemente ristrutturato ed è arredato in stile moderno e ricercato. E’ dotato di diversi comfort, quali aria condizionata, tv, forno, forno a microonde, lavastoviglie e lavatrice. Nel prezzo di affitto è incluso l’utilizzo di un posto auto riservato e di un posto spiaggia per l’intera durata del soggiorno. E’ una soluzione perfetta per coppie, piccoli gruppi e famiglie numerose, interessati a soggiornare in una zona centrale, a due passi dal mare, in un appartamento che coniughi modernità e cura per i dettagli.</p>
