{"id":1107,"date":"2020-04-08T17:20:45","date_gmt":"2020-04-08T17:20:45","guid":{"rendered":"https:\/\/www.ideacasajesolo.it\/appartamenti\/andrea\/"},"modified":"2020-04-08T18:54:17","modified_gmt":"2020-04-08T18:54:17","slug":"andrea","status":"publish","type":"appartamenti","link":"https:\/\/www.ideacasajesolo.it\/de\/appartamenti\/andrea\/","title":{"rendered":"Andrea"},"content":{"rendered":"<p>Die Ferienwohnung befindet sich in der ersten Etage des Condominio Venezia, um den 8. Zugang zum Meer von Via A. Bafile. Es ist weniger als 50 Meter vom Meer und liegt in einem zentralen und ruhigen Gebiet von Jesolo. Die Wohnung umfasst eine Fl\u00e4che von 40 Quadratmetern und besteht aus einem Wohnzimmer mit K\u00fcchenzeile, einem Schlafzimmer, einem Badezimmer mit Duschkabine aus Kristallglas und zwei kleinen Terrassen. Sie bietet Platz f\u00fcr bis zu vier Personen. Das Schlafzimmer hat ein Doppelbett, ein Einzelbett und in dem Appartement gibt es auch ein Klappbett.<\/p>\n<p>Das Appartement wird gerade renoviert und ist in einem modernen Stil eingerichtet. Es ist mit Klimaanlage, TV, Mikrowelle und Waschmaschine ausgestattet. Der Mietpreis ist inklusive eines reservierten Parkplatzes und eines Platzes am Strand f\u00fcr die ganze Dauer des Aufenthalts. Die Ferienwohnung Andrea ist die perfekte L\u00f6sung f\u00fcr Paare und kleine Familien, die sich in der Mitte von Jesolo und am Meer aufhalten m\u00f6chten. Diese Wohnung verbindet Komfort und Liebe zum Detail.<\/p>\n<p>Die Wohnungen verf\u00fcgen nicht \u00fcber Bett- Bad- und Tisch-w\u00e4sche.<\/p>\n","protected":false},"featured_media":737,"template":"","categories":[62],"postiletto":[54,55],"acf":[],"_links":{"self":[{"href":"https:\/\/www.ideacasajesolo.it\/de\/wp-json\/wp\/v2\/appartamenti\/1107"}],"collection":[{"href":"https:\/\/www.ideacasajesolo.it\/de\/wp-json\/wp\/v2\/appartamenti"}],"about":[{"href":"https:\/\/www.ideacasajesolo.it\/de\/wp-json\/wp\/v2\/types\/appartamenti"}],"version-history":[{"count":1,"href":"https:\/\/www.ideacasajesolo.it\/de\/wp-json\/wp\/v2\/appartamenti\/1107\/revisions"}],"predecessor-version":[{"id":1108,"href":"https:\/\/www.ideacasajesolo.it\/de\/wp-json\/wp\/v2\/appartamenti\/1107\/revisions\/1108"}],"wp:featuredmedia":[{"embeddable":true,"href":"https:\/\/www.ideacasajesolo.it\/de\/wp-json\/wp\/v2\/media\/737"}],"wp:attachment":[{"href":"https:\/\/www.ideacasajesolo.it\/de\/wp-json\/wp\/v2\/media?parent=1107"}],"wp:term":[{"taxonomy":"category","embeddable":true,"href":"https:\/\/www.ideacasajesolo.it\/de\/wp-json\/wp\/v2\/categories?post=1107"},{"taxonomy":"postiletto","embeddable":true,"href":"https:\/\/www.ideacasajesolo.it\/de\/wp-json\/wp\/v2\/postiletto?post=1107"}],"curies":[{"name":"wp","href":"https:\/\/api.w.org\/{rel}","templated":true}]}}

<p>Die Ferienwohnung befindet sich in der ersten Etage des Condominio Venezia, um den 8. Zugang zum Meer von Via A. Bafile. Es ist weniger als 50 Meter vom Meer und liegt in einem zentralen und ruhigen Gebiet von Jesolo. Die Wohnung umfasst eine Fläche von 40 Quadratmetern und besteht aus einem Wohnzimmer mit Küchenzeile, einem Schlafzimmer, einem Badezimmer mit Duschkabine aus Kristallglas und zwei kleinen Terrassen. Sie bietet Platz für bis zu vier Personen. Das Schlafzimmer hat ein Doppelbett, ein Einzelbett und in dem Appartement gibt es auch ein Klappbett.</p>
<p>Das Appartement wird gerade renoviert und ist in einem modernen Stil eingerichtet. Es ist mit Klimaanlage, TV, Mikrowelle und Waschmaschine ausgestattet. Der Mietpreis ist inklusive eines reservierten Parkplatzes und eines Platzes am Strand für die ganze Dauer des Aufenthalts. Die Ferienwohnung Andrea ist die perfekte Lösung für Paare und kleine Familien, die sich in der Mitte von Jesolo und am Meer aufhalten möchten. Diese Wohnung verbindet Komfort und Liebe zum Detail.</p>
<p>Die Wohnungen verfügen nicht über Bett- Bad- und Tisch-wäsche.</p>
